{"id":23,"date":"2021-08-29T16:49:25","date_gmt":"2021-08-29T16:49:25","guid":{"rendered":"http:\/\/aivonswp.pixydrops.com\/?page_id=23"},"modified":"2024-12-03T18:09:39","modified_gmt":"2024-12-03T18:09:39","slug":"about-us","status":"publish","type":"page","link":"https:\/\/promecindustrial.com.mx\/?page_id=23","title":{"rendered":"ACERCA DE"},"content":{"rendered":"\t\t<div data-elementor-type=\"wp-page\" data-elementor-id=\"23\" class=\"elementor elementor-23\">\n\t\t\t\t\t\t<section class=\"elementor-section elementor-top-section elementor-element elementor-element-c8c3fa8 elementor-section-full_width elementor-section-height-default elementor-section-height-default\" data-id=\"c8c3fa8\" data-element_type=\"section\">\n\t\t\t\t\t\t<div class=\"elementor-container elementor-column-gap-no\">\n\t\t\t\t\t<div class=\"elementor-column elementor-col-100 elementor-top-column elementor-element elementor-element-d1c6be7\" data-id=\"d1c6be7\" data-element_type=\"column\">\n\t\t\t<div class=\"elementor-widget-wrap elementor-element-populated\">\n\t\t\t\t\t\t<div class=\"elementor-element elementor-element-40b76fc elementor-widget elementor-widget-aivons-about\" data-id=\"40b76fc\" data-element_type=\"widget\" data-widget_type=\"aivons-about.default\">\n\t\t\t\t<div class=\"elementor-widget-container\">\n\t\t\t\t<!--About Start-->\r\n\t<section class=\"about\">\r\n\t\t<div class=\"container\">\r\n\t\t\t<div class=\"row\">\r\n\t\t\t\t\t\t\t\t\t<div class=\"col-xl-6 col-lg-6\">\r\n\t\t\t\t\t\t<div class=\"about__img-box\">\r\n\t\t\t\t\t\t\t<div class=\"about-img\">\r\n\t\t\t\t\t\t\t\t<img decoding=\"async\" src=\"https:\/\/promecindustrial.com.mx\/wp-content\/uploads\/2024\/11\/Captura-de-Pantalla-2024-11-04-a-las-17.28.43.png\" alt=\"\">\r\n\t\t\t\t\t\t\t<\/div>\r\n\t\t\t\t\t\t<\/div>\r\n\t\t\t\t\t<\/div>\r\n\t\t\t\t\t\t\t\t<div class=\"col-xl-6 col-lg-6\">\r\n\t\t\t\t\t<div class=\"about__right\">\r\n\t\t\t\t\t\t\t\t\t\t\t\t\t<h2 class=\"about__title\">NOSOTROS<\/h2>\r\n\t\t\t\t\t\t\t\t\t\t\t\t\t\t\t\t\t\t\t\t\t\t\t\t\t<p class=\"about__right-text\">En promec, nos encontramos en constate evoluci\u00f3n, siempre adapt\u00e1ndonos a los cambios globales por la relocalizaci\u00f3n, la revoluci\u00f3n 4.0 y 5.0.\nNos ha llevado a transformar nuestros procesos y servicios. Tecnificarnos con herramien- tas que facilitan y precisan cada uno de nuestros proyectos. Es por ello que cumplimos todas las necesidades de la industria metal mec\u00e1nica y contamos con m\u00e1s de 120 clientes satisfechos que avalan nuestra transformaci\u00f3n del metal. En promec no somos una empresa de maquinados, somos una familia que brinda satisfacci\u00f3n industrial.<\/p>\r\n\t\t\t\t\t\t\t\t\t\t\t\t\t\t\t\t\t\t\t<div class=\"listen__progress-wrap\">\r\n\t\t\t\t\t\t\t\t\t\t\t\t\t\t\t\t\t<div class=\"listen__progress\">\r\n\t\t\t\t\t\t\t\t\t\t<div class=\"listen__progress-box\">\r\n\t\t\t\t\t\t\t\t\t\t\t<div class=\"circle-progress\" data-options='{ \"value\": 0.9,\"thickness\": 3,\"emptyFill\": \"#f2f4f8\",\"lineCap\": \"square\", \"size\": 112, \"fill\": { \"color\": \"#3c72fc\" } }'>\r\n\t\t\t\t\t\t\t\t\t\t\t<\/div><!-- \/.circle-progress -->\r\n\t\t\t\t\t\t\t\t\t\t\t<span>100%<\/span>\r\n\t\t\t\t\t\t\t\t\t\t<\/div>\r\n\t\t\t\t\t\t\t\t\t\t<div class=\"listen__progress-content\">\r\n\t\t\t\t\t\t\t\t\t\t\t<h3>EMPRESA FAMILIAR\n<\/h3>\r\n\t\t\t\t\t\t\t\t\t\t<\/div>\r\n\t\t\t\t\t\t\t\t\t<\/div>\r\n\t\t\t\t\t\t\t\t\t\t\t\t\t\t\t<\/div>\r\n\t\t\t\t\t\t\t\t\t\t\t\t\t\t\t\t\t<\/div>\r\n\t\t\t\t<\/div>\r\n\t\t\t<\/div>\r\n\t\t<\/div>\r\n\t<\/section>\r\n\t<!--About End-->\r\n\r\n\t\t<\/div>\n\t\t\t\t<\/div>\n\t\t\t\t<div class=\"elementor-element elementor-element-d319f4f elementor-widget elementor-widget-aivons-about\" data-id=\"d319f4f\" data-element_type=\"widget\" data-widget_type=\"aivons-about.default\">\n\t\t\t\t<div class=\"elementor-widget-container\">\n\t\t\t\t<!--About Start-->\r\n\t<section class=\"about\">\r\n\t\t<div class=\"container\">\r\n\t\t\t<div class=\"row\">\r\n\t\t\t\t\t\t\t\t\t<div class=\"col-xl-6 col-lg-6\">\r\n\t\t\t\t\t\t<div class=\"about__img-box\">\r\n\t\t\t\t\t\t\t<div class=\"about-img\">\r\n\t\t\t\t\t\t\t\t<img decoding=\"async\" src=\"https:\/\/promecindustrial.com.mx\/wp-content\/uploads\/2024\/12\/Captura-de-pantalla-2024-12-03-a-las-11.17.44\u202fa.m.png\" alt=\"\">\r\n\t\t\t\t\t\t\t<\/div>\r\n\t\t\t\t\t\t<\/div>\r\n\t\t\t\t\t<\/div>\r\n\t\t\t\t\t\t\t\t<div class=\"col-xl-6 col-lg-6\">\r\n\t\t\t\t\t<div class=\"about__right\">\r\n\t\t\t\t\t\t\t\t\t\t\t\t\t<h2 class=\"about__title\">CALIDAD<\/h2>\r\n\t\t\t\t\t\t\t\t\t\t\t\t\t\t\t\t\t\t\t\t\t\t\t\t\t<p class=\"about__right-text\">La calidad es un atributo intr\u00ednseco que distingue a un producto o servicio y se mide por su capacidad para cumplir con los requisitos y expectativas del cliente.\nPara ello contamos con un laboratorio de calidad y herramientas de medici\u00f3n. Contamos con una maquina de medici\u00f3n por coordenadas y portatil, que nos permite realizar mediciones desde el laboratorio y a pie de maquina. Nuestra producci\u00f3n se comprueba dimesional y geometricamente.<\/p>\r\n\t\t\t\t\t\t\t\t\t\t\t\t\t\t\t\t\t\t\t<div class=\"listen__progress-wrap\">\r\n\t\t\t\t\t\t\t\t\t\t\t\t\t\t\t\t\t<div class=\"listen__progress\">\r\n\t\t\t\t\t\t\t\t\t\t<div class=\"listen__progress-box\">\r\n\t\t\t\t\t\t\t\t\t\t\t<div class=\"circle-progress\" data-options='{ \"value\": 0.9,\"thickness\": 3,\"emptyFill\": \"#f2f4f8\",\"lineCap\": \"square\", \"size\": 112, \"fill\": { \"color\": \"#3c72fc\" } }'>\r\n\t\t\t\t\t\t\t\t\t\t\t<\/div><!-- \/.circle-progress -->\r\n\t\t\t\t\t\t\t\t\t\t\t<span>100%<\/span>\r\n\t\t\t\t\t\t\t\t\t\t<\/div>\r\n\t\t\t\t\t\t\t\t\t\t<div class=\"listen__progress-content\">\r\n\t\t\t\t\t\t\t\t\t\t\t<h3>SATISFACCI\u00d3N AL CLIENTE\n<\/h3>\r\n\t\t\t\t\t\t\t\t\t\t<\/div>\r\n\t\t\t\t\t\t\t\t\t<\/div>\r\n\t\t\t\t\t\t\t\t\t\t\t\t\t\t\t<\/div>\r\n\t\t\t\t\t\t\t\t\t\t\t\t\t\t\t\t\t<\/div>\r\n\t\t\t\t<\/div>\r\n\t\t\t<\/div>\r\n\t\t<\/div>\r\n\t<\/section>\r\n\t<!--About End-->\r\n\r\n\t\t<\/div>\n\t\t\t\t<\/div>\n\t\t\t\t<div class=\"elementor-element elementor-element-471e4f0 elementor-widget elementor-widget-aivons-about\" data-id=\"471e4f0\" data-element_type=\"widget\" data-widget_type=\"aivons-about.default\">\n\t\t\t\t<div class=\"elementor-widget-container\">\n\t\t\t\t<!--About Start-->\r\n\t<section class=\"about\">\r\n\t\t<div class=\"container\">\r\n\t\t\t<div class=\"row\">\r\n\t\t\t\t\t\t\t\t\t<div class=\"col-xl-6 col-lg-6\">\r\n\t\t\t\t\t\t<div class=\"about__img-box\">\r\n\t\t\t\t\t\t\t<div class=\"about-img\">\r\n\t\t\t\t\t\t\t\t<img decoding=\"async\" src=\"https:\/\/promecindustrial.com.mx\/wp-content\/uploads\/2024\/11\/Captura-de-Pantalla-2024-11-04-a-las-17.23.14.png\" alt=\"\">\r\n\t\t\t\t\t\t\t<\/div>\r\n\t\t\t\t\t\t<\/div>\r\n\t\t\t\t\t<\/div>\r\n\t\t\t\t\t\t\t\t<div class=\"col-xl-6 col-lg-6\">\r\n\t\t\t\t\t<div class=\"about__right\">\r\n\t\t\t\t\t\t\t\t\t\t\t\t\t<h2 class=\"about__title\">NUESTRO CLIENTES<\/h2>\r\n\t\t\t\t\t\t\t\t\t\t\t\t\t\t\t\t\t\t\t\t\t\t\t\t\t<p class=\"about__right-text\">Nuestro prop\u00f3sito es siempre adaptarnos a los cambios que demande la industria, sin modificar los pilares de esta empresa, sus valores. Seguiremos formando colaboradores de car\u00e1cter, que beneficien a la sociedad y el medioambiente.<\/p>\r\n\t\t\t\t\t\t\t\t\t\t\t\t\t\t\t\t\t\t\t<div class=\"listen__progress-wrap\">\r\n\t\t\t\t\t\t\t\t\t\t\t\t\t\t\t\t\t<div class=\"listen__progress\">\r\n\t\t\t\t\t\t\t\t\t\t<div class=\"listen__progress-box\">\r\n\t\t\t\t\t\t\t\t\t\t\t<div class=\"circle-progress\" data-options='{ \"value\": 0.9,\"thickness\": 3,\"emptyFill\": \"#f2f4f8\",\"lineCap\": \"square\", \"size\": 112, \"fill\": { \"color\": \"#3c72fc\" } }'>\r\n\t\t\t\t\t\t\t\t\t\t\t<\/div><!-- \/.circle-progress -->\r\n\t\t\t\t\t\t\t\t\t\t\t<span>100%<\/span>\r\n\t\t\t\t\t\t\t\t\t\t<\/div>\r\n\t\t\t\t\t\t\t\t\t\t<div class=\"listen__progress-content\">\r\n\t\t\t\t\t\t\t\t\t\t\t<h3>\nCALIDAD DE TRABAJO\n<\/h3>\r\n\t\t\t\t\t\t\t\t\t\t<\/div>\r\n\t\t\t\t\t\t\t\t\t<\/div>\r\n\t\t\t\t\t\t\t\t\t\t\t\t\t\t\t<\/div>\r\n\t\t\t\t\t\t\t\t\t\t\t\t\t\t\t\t\t<\/div>\r\n\t\t\t\t<\/div>\r\n\t\t\t<\/div>\r\n\t\t<\/div>\r\n\t<\/section>\r\n\t<!--About End-->\r\n\r\n\t\t<\/div>\n\t\t\t\t<\/div>\n\t\t\t\t<div class=\"elementor-element elementor-element-ef0de99 elementor-widget elementor-widget-aivons-about\" data-id=\"ef0de99\" data-element_type=\"widget\" data-widget_type=\"aivons-about.default\">\n\t\t\t\t<div class=\"elementor-widget-container\">\n\t\t\t\t<!--About Start-->\r\n\t<section class=\"about\">\r\n\t\t<div class=\"container\">\r\n\t\t\t<div class=\"row\">\r\n\t\t\t\t\t\t\t\t\t<div class=\"col-xl-6 col-lg-6\">\r\n\t\t\t\t\t\t<div class=\"about__img-box\">\r\n\t\t\t\t\t\t\t<div class=\"about-img\">\r\n\t\t\t\t\t\t\t\t<img decoding=\"async\" src=\"https:\/\/promecindustrial.com.mx\/wp-content\/uploads\/2024\/11\/Captura-de-Pantalla-2024-11-04-a-las-17.23.30.png\" alt=\"\">\r\n\t\t\t\t\t\t\t<\/div>\r\n\t\t\t\t\t\t<\/div>\r\n\t\t\t\t\t<\/div>\r\n\t\t\t\t\t\t\t\t<div class=\"col-xl-6 col-lg-6\">\r\n\t\t\t\t\t<div class=\"about__right\">\r\n\t\t\t\t\t\t\t\t\t\t\t\t\t<h2 class=\"about__title\">LOGROS<\/h2>\r\n\t\t\t\t\t\t\t\t\t\t\t\t\t\t\t\t\t\t\t\t\t\t\t\t\t<p class=\"about__right-text\">Trabajamos de la mano con instituciones educativas e incorporamos socios laborales. Nos mantenemos en capacitaci\u00f3n constante, como las constancias de habilidades laborales DC3 y por consecuente contamos con certificados que potencializan nuestros procesos.\nSer mejores no es una opci\u00f3n, sino una obligaci\u00f3n.\n\n    <\/p>\r\n\t\t\t\t\t\t\t\t\t\t\t\t\t\t\t\t\t\t\t<div class=\"listen__progress-wrap\">\r\n\t\t\t\t\t\t\t\t\t\t\t\t\t\t\t\t\t<div class=\"listen__progress\">\r\n\t\t\t\t\t\t\t\t\t\t<div class=\"listen__progress-box\">\r\n\t\t\t\t\t\t\t\t\t\t\t<div class=\"circle-progress\" data-options='{ \"value\": 0.9,\"thickness\": 3,\"emptyFill\": \"#f2f4f8\",\"lineCap\": \"square\", \"size\": 112, \"fill\": { \"color\": \"#3c72fc\" } }'>\r\n\t\t\t\t\t\t\t\t\t\t\t<\/div><!-- \/.circle-progress -->\r\n\t\t\t\t\t\t\t\t\t\t\t<span>100%<\/span>\r\n\t\t\t\t\t\t\t\t\t\t<\/div>\r\n\t\t\t\t\t\t\t\t\t\t<div class=\"listen__progress-content\">\r\n\t\t\t\t\t\t\t\t\t\t\t<h3>\nCOLABORACI\u00d3N\n<\/h3>\r\n\t\t\t\t\t\t\t\t\t\t<\/div>\r\n\t\t\t\t\t\t\t\t\t<\/div>\r\n\t\t\t\t\t\t\t\t\t\t\t\t\t\t\t<\/div>\r\n\t\t\t\t\t\t\t\t\t\t\t\t\t\t\t\t\t<\/div>\r\n\t\t\t\t<\/div>\r\n\t\t\t<\/div>\r\n\t\t<\/div>\r\n\t<\/section>\r\n\t<!--About End-->\r\n\r\n\t\t<\/div>\n\t\t\t\t<\/div>\n\t\t\t\t\t<\/div>\n\t\t<\/div>\n\t\t\t\t\t<\/div>\n\t\t<\/section>\n\t\t\t\t<\/div>\n\t\t","protected":false},"excerpt":{"rendered":"<p>NOSOTROS En promec, nos encontramos en constate evoluci\u00f3n, siempre adapt\u00e1ndonos a los cambios globales por la relocalizaci\u00f3n, la revoluci\u00f3n 4.0 y 5.0. Nos ha llevado a transformar nuestros procesos y servicios. Tecnificarnos con herramien- tas que facilitan y precisan cada uno de nuestros proyectos. Es por ello que cumplimos todas las necesidades de la industria [&hellip;]<\/p>\n","protected":false},"author":1,"featured_media":0,"parent":0,"menu_order":0,"comment_status":"closed","ping_status":"closed","template":"elementor_header_footer","meta":{"footnotes":""},"class_list":["post-23","page","type-page","status-publish","hentry"],"_links":{"self":[{"href":"https:\/\/promecindustrial.com.mx\/index.php?rest_route=\/wp\/v2\/pages\/23","targetHints":{"allow":["GET"]}}],"collection":[{"href":"https:\/\/promecindustrial.com.mx\/index.php?rest_route=\/wp\/v2\/pages"}],"about":[{"href":"https:\/\/promecindustrial.com.mx\/index.php?rest_route=\/wp\/v2\/types\/page"}],"author":[{"embeddable":true,"href":"https:\/\/promecindustrial.com.mx\/index.php?rest_route=\/wp\/v2\/users\/1"}],"replies":[{"embeddable":true,"href":"https:\/\/promecindustrial.com.mx\/index.php?rest_route=%2Fwp%2Fv2%2Fcomments&post=23"}],"version-history":[{"count":20,"href":"https:\/\/promecindustrial.com.mx\/index.php?rest_route=\/wp\/v2\/pages\/23\/revisions"}],"predecessor-version":[{"id":962,"href":"https:\/\/promecindustrial.com.mx\/index.php?rest_route=\/wp\/v2\/pages\/23\/revisions\/962"}],"wp:attachment":[{"href":"https:\/\/promecindustrial.com.mx\/index.php?rest_route=%2Fwp%2Fv2%2Fmedia&parent=23"}],"curies":[{"name":"wp","href":"https:\/\/api.w.org\/{rel}","templated":true}]}}